{"id":229,"date":"2025-04-02T12:41:45","date_gmt":"2025-04-02T15:41:45","guid":{"rendered":"https:\/\/ccse.uepa.br\/dfcs\/jeds\/?page_id=229"},"modified":"2025-10-09T21:37:12","modified_gmt":"2025-10-10T00:37:12","slug":"tccs","status":"publish","type":"page","link":"https:\/\/ccse.uepa.br\/dfcs\/jeds\/tccs\/","title":{"rendered":"TCCs"},"content":{"rendered":"\n<h2 class=\"wp-block-heading has-text-align-left has-medium-font-size\">2014<\/h2>\n\n\n\n<ul class=\"wp-block-list\">\n<li><a href=\"https:\/\/drive.google.com\/file\/d\/1TH0Fewzf3-gA2d6eVX4dy8-RwGVoteoJ\/view?usp=drive_link\">Juventude em Movimento: A import\u00e2ncia do movimento estudantil para a forma\u00e7\u00e3o pol\u00edtica em ambientes educacionais n\u00e3o formais<\/a><\/li>\n<\/ul>\n\n\n\n<p>Autoria: <a href=\"http:\/\/lattes.cnpq.br\/9002109100252942\">Jo\u00e3o Gabriel de Oliveira Batista<\/a> e Anderson Fernandes Nunes<\/p>\n\n\n\n<h2 class=\"wp-block-heading has-text-align-left has-medium-font-size\">2015<\/h2>\n\n\n\n<ul class=\"wp-block-list\">\n<li><a href=\"https:\/\/drive.google.com\/file\/d\/1PPBbOv7MHcmjqQ3tsnFn5FejXJC7qFHh\/view?usp=drive_link\">Sa\u00edram da Cozinha, mas n\u00e3o pra cair no samba: a hist\u00f3ria de como mulheres negras perceberam que seus lugares eram em sala de aula<\/a><\/li>\n<\/ul>\n\n\n\n<p>Autoria: <a href=\"http:\/\/lattes.cnpq.br\/8365559258006697\">Thais Mendon\u00e7a<\/a><\/p>\n\n\n\n<h2 class=\"wp-block-heading has-text-align-left has-medium-font-size\">2016<\/h2>\n\n\n\n<ul class=\"wp-block-list\">\n<li><a href=\"https:\/\/drive.google.com\/file\/d\/1lVzGynVySaZz_RiQ36rAEJ12vwUz-CXj\/view?usp=drive_link\">Os sonhos v\u00e3o \u00e0 escola: projetos de vida de jovens mulheres no Ensino M\u00e9dio<\/a><\/li>\n<\/ul>\n\n\n\n<p>Autoria: <a href=\"http:\/\/lattes.cnpq.br\/4598713932408247\">Hamanda Pontes<\/a><\/p>\n\n\n\n<ul class=\"wp-block-list\">\n<li><a href=\"https:\/\/drive.google.com\/file\/d\/1R5GuQJjMXRH06Q0Lqh5rVomaiWN2PQ7G\/view?usp=drive_link\">Avers\u00e3o \u00e0 Transgress\u00e3o: A (in)visibilidade transexual e a transfobia em ambiente acad\u00eamico<\/a><\/li>\n<\/ul>\n\n\n\n<p>Autoria: Larissa Alfaia<\/p>\n\n\n\n<h2 class=\"wp-block-heading has-text-align-left has-medium-font-size\">2017<\/h2>\n\n\n\n<ul class=\"wp-block-list\">\n<li><a href=\"https:\/\/drive.google.com\/file\/d\/1r6mHzeRw2Z2t45oV4xOEjj3gbBt86ru-\/view?usp=drive_link\">Mercantiliza\u00e7\u00e3o da educa\u00e7\u00e3o: como os jovens estudantes de pedagogia, da cidade de Bel\u00e9m analisam as institui\u00e7\u00f5es de ensino superior privado, na contemporaneidade<\/a><\/li>\n<\/ul>\n\n\n\n<p>Autoria: <a href=\"http:\/\/lattes.cnpq.br\/2068198429848537\">Matheus Henrique de Oliveira<\/a><\/p>\n\n\n\n<ul class=\"wp-block-list\">\n<li><a href=\"https:\/\/drive.google.com\/file\/d\/1mgJEqLcbC2dNkEVL1BytLAEd67Ktp-lA\/view?usp=drive_link\">Jovens do rock: processos de sociabilidade e educa\u00e7\u00e3o a partir da influ\u00eancia do estilo musical rock<\/a><\/li>\n<\/ul>\n\n\n\n<p>Autoria: <a href=\"http:\/\/lattes.cnpq.br\/1719679495542081\">Renato Concei\u00e7\u00e3o<\/a><\/p>\n\n\n\n<ul class=\"wp-block-list\">\n<li><a href=\"https:\/\/drive.google.com\/file\/d\/1n4xZTj9ZzbmKAkm6eELeqHtH_GSxQMVZ\/view?usp=drive_link\">Vozes masculinas na doc\u00eancia: Uma compreens\u00e3o sobre o ingresso de homens no curso de Pedagogia em Institui\u00e7\u00f5es de Ensino Superior Privado<\/a><\/li>\n<\/ul>\n\n\n\n<p>Autoria: <a href=\"http:\/\/lattes.cnpq.br\/7142559999176387\">Juliana Gomes<\/a><\/p>\n\n\n\n<h2 class=\"wp-block-heading has-text-align-left has-medium-font-size\">2018<\/h2>\n\n\n\n<ul class=\"wp-block-list\">\n<li><a href=\"https:\/\/drive.google.com\/file\/d\/1XG3dPN43J5ATBCVyA3tpC5Nv6vERvPe3\/view?usp=drive_link\">Das margens do rio para o Mundo: um estudo sobre as perspectivas de jovens ribeirinhos, estudantes do Ensino M\u00e9dio.<\/a><\/li>\n<\/ul>\n\n\n\n<p>Autoria: <a href=\"http:\/\/lattes.cnpq.br\/4512159090919148\" data-type=\"link\" data-id=\"http:\/\/lattes.cnpq.br\/4512159090919148\">Vanessa Afonso<\/a><\/p>\n\n\n\n<ul class=\"wp-block-list\">\n<li>. <a href=\"https:\/\/drive.google.com\/file\/d\/1j2rpIIYAX1dtJLCJqZsLTvGWwnz9Ogln\/view?usp=drive_link\">Juventude e Ensino M\u00e9dio: trajet\u00f3rias, desafios, e perspectivas de futuro de estudantes de S\u00e3o Sebasti\u00e3o da Boa Vista<\/a><\/li>\n<\/ul>\n\n\n\n<p>Autoria: <a href=\"http:\/\/lattes.cnpq.br\/0953248932059335\">Ang\u00e9lica Ferreira<\/a><\/p>\n\n\n\n<ul class=\"wp-block-list\">\n<li><a href=\"https:\/\/drive.google.com\/file\/d\/1OTMOHfqWI5EAf4gOo3QjWuphWgF3O0G6\/view?usp=drive_link\">Concep\u00e7\u00f5es e Experi\u00eancias no Facebook: Constru\u00e7\u00e3o de saberes no campo da educa\u00e7\u00e3o<\/a><\/li>\n<\/ul>\n\n\n\n<p>Autoria: <a href=\"http:\/\/lattes.cnpq.br\/0534272562374369\">Adriano Serr\u00e3o<\/a><\/p>\n\n\n\n<ul class=\"wp-block-list\">\n<li><a href=\"https:\/\/drive.google.com\/file\/d\/1CFxmK9LYGvCwr8lZGQRkk43Lez4wm0cm\/view?usp=drive_link\">Nosso corpo e nosso afeto nos pertencem: Processos formativos e saberes das militantes do Movimento de Mulheres L\u00e9sbicas e Bissexuais do Estado do Par\u00e1<\/a><\/li>\n<\/ul>\n\n\n\n<p>Autoria: <a href=\"http:\/\/lattes.cnpq.br\/1633226761763223\">Lilian de Nazar\u00e9<\/a><\/p>\n\n\n\n<h2 class=\"wp-block-heading has-text-align-left has-medium-font-size\">2021<\/h2>\n\n\n\n<ul class=\"wp-block-list\">\n<li><a href=\"https:\/\/drive.google.com\/file\/d\/1LTNo8S710hZaJrIbjtZIBKdlJBFtchuE\/view?usp=drive_link\">Narrativas de estudantes LGBTQI+ sobre a afirma\u00e7\u00e3o da sexualidade no ambiente escolar<\/a><\/li>\n<\/ul>\n\n\n\n<p>Autoria: <a href=\"http:\/\/lattes.cnpq.br\/8002512060720988\">Matheus Oliveira<\/a><\/p>\n\n\n\n<ul class=\"wp-block-list\">\n<li><a href=\"https:\/\/drive.google.com\/file\/d\/17PQRZ9kjDZsrnt9lceQdtJG5IBqJxrsB\/view?usp=drive_link\">Educa\u00e7\u00e3o, Juventude e Emancipa\u00e7\u00e3o: Os processos educativos do coletivo Tela Firme<\/a><\/li>\n<\/ul>\n\n\n\n<p>Autoria: Vanessa Alves<\/p>\n\n\n\n<ul class=\"wp-block-list\">\n<li><a href=\"https:\/\/drive.google.com\/file\/d\/1GMfCXdpvppj8d7aaJP_NdJIsdzfJc_q8\/view?usp=drive_link\">Itiner\u00e1rios Educacionais em Lindas Palmeiras: Viv\u00eancias da Juventude do Campo<\/a><\/li>\n<\/ul>\n\n\n\n<p>Autoria: T\u00e2mila Vieira<\/p>\n\n\n\n<h2 class=\"wp-block-heading has-medium-font-size\">2022<\/h2>\n\n\n\n<ul class=\"wp-block-list\">\n<li><a href=\"https:\/\/drive.google.com\/file\/d\/1RxpRSuT0ArzqkyPJSpAvHLEzHwvHc1iQ\/view?usp=drive_link\">POR UMA PEDAGOGIA FEMINISTA: A FORMA\u00c7\u00c3O DE MULHERES FEMINISTAS NA LURA PELA EQUIDADE SOCIAL<\/a><\/li>\n<\/ul>\n\n\n\n<p>Autoria: <a href=\"http:\/\/lattes.cnpq.br\/5409926620081132\">Mar\u00edlia Seabra<\/a> e <a href=\"http:\/\/lattes.cnpq.br\/0352851919730133\">Cibelle Dantas<\/a><\/p>\n\n\n\n<ul class=\"wp-block-list\">\n<li><a href=\"https:\/\/drive.google.com\/file\/d\/1c7oMBDE-Y8rIyiRa_6AJx7xiWuAVj-GK\/view?usp=drive_link\">O DISCURSO DE \u00d3DIO CONTRA JOVENS UNIVERSIT\u00c1RIAS NAS REDES SOCIAIS: Um estudo sobre seus aspectos educacionais, efeitos e reverbera\u00e7\u00f5es<\/a><\/li>\n<\/ul>\n\n\n\n<p>Autoria: <a href=\"http:\/\/lattes.cnpq.br\/9616787667646007\">Amanda Magalh\u00e3es<\/a> e Ana Paula Silva<\/p>\n\n\n\n<h2 class=\"wp-block-heading has-text-align-left has-medium-font-size\">2023<\/h2>\n\n\n\n<ul class=\"wp-block-list\">\n<li><a href=\"https:\/\/drive.google.com\/file\/d\/13R_XnV6zr2nf2TXFbwMgOMHEwjwInoKb\/view?usp=drive_link\">PEDAGOGIA EMPRESARIAL: Um olhar sobre a Justi\u00e7a Restaurativa na media\u00e7\u00e3o de conflitos na empresa<\/a><\/li>\n<\/ul>\n\n\n\n<p>Autoria: <a href=\"http:\/\/lattes.cnpq.br\/5547789633554999\">Gilberto Ubiratan<\/a><\/p>\n\n\n\n<ul class=\"wp-block-list\">\n<li><a href=\"https:\/\/drive.google.com\/file\/d\/1Y3ebhKm0iaJTtBC-HEjLxy2_4_4PVzid\/view?usp=drive_link\">A IMPORT\u00c2NCIA DA EDUCA\u00c7\u00c3O N\u00c3O FORMAL NO PROCESSO DE CONSTRU\u00c7\u00c3O DA IDENTIDADE POL\u00cdTICA DE JOVENS MULHERES NO INSTAGRAM<\/a><\/li>\n<\/ul>\n\n\n\n<p>Autoria: <a href=\"http:\/\/lattes.cnpq.br\/3715766084117497\">Mikaely Soares<\/a><\/p>\n\n\n\n<ul class=\"wp-block-list\">\n<li><a href=\"https:\/\/drive.google.com\/file\/d\/1XQsJ8orN_llyhAzSU5N-Xqs6Njhz-t6u\/view?usp=sharing\">A PEDAGOGIA NA SOCIOEDUCA\u00c7\u00c3O: Um estudo explorat\u00f3rio na 3\u00aa Vara da Inf\u00e2ncia e Juventude no munic\u00edpio de Bel\u00e9m\/Par\u00e1<\/a><\/li>\n<\/ul>\n\n\n\n<p>Autoria: <a href=\"http:\/\/lattes.cnpq.br\/4595920668757065\">Amanda Braz<\/a><\/p>\n\n\n\n<p><\/p>\n","protected":false},"excerpt":{"rendered":"<p>2014 Autoria: Jo\u00e3o Gabriel de Oliveira Batista e Anderson Fernandes Nunes 2015 Autoria: Thais Mendon\u00e7a 2016 Autoria: Hamanda Pontes Autoria: Larissa Alfaia 2017 Autoria: Matheus Henrique de Oliveira Autoria: Renato Concei\u00e7\u00e3o Autoria: Juliana Gomes 2018 Autoria: Vanessa Afonso Autoria: Ang\u00e9lica Ferreira Autoria: Adriano Serr\u00e3o Autoria: Lilian de Nazar\u00e9 2021 Autoria: Matheus Oliveira Autoria: Vanessa Alves &hellip;<\/p>\n<p class=\"read-more\"> <a class=\"\" href=\"https:\/\/ccse.uepa.br\/dfcs\/jeds\/tccs\/\"> <span class=\"screen-reader-text\">TCCs<\/span> Leia mais &raquo;<\/a><\/p>\n","protected":false},"author":1,"featured_media":0,"parent":0,"menu_order":0,"comment_status":"closed","ping_status":"closed","template":"","meta":{"_uag_custom_page_level_css":"","site-sidebar-layout":"default","site-content-layout":"","ast-site-content-layout":"","site-content-style":"default","site-sidebar-style":"default","ast-global-header-display":"","ast-banner-title-visibility":"","ast-main-header-display":"","ast-hfb-above-header-display":"","ast-hfb-below-header-display":"","ast-hfb-mobile-header-display":"","site-post-title":"","ast-breadcrumbs-content":"","ast-featured-img":"","footer-sml-layout":"","theme-transparent-header-meta":"","adv-header-id-meta":"","stick-header-meta":"","header-above-stick-meta":"","header-main-stick-meta":"","header-below-stick-meta":"","astra-migrate-meta-layouts":"","ast-page-background-enabled":"default","ast-page-background-meta":{"desktop":{"background-color":"var(--ast-global-color-4)","background-image":"","background-repeat":"repeat","background-position":"center center","background-size":"auto","background-attachment":"scroll","background-type":"","background-media":"","overlay-type":"","overlay-color":"","overlay-gradient":""},"tablet":{"background-color":"","background-image":"","background-repeat":"repeat","background-position":"center center","background-size":"auto","background-attachment":"scroll","background-type":"","background-media":"","overlay-type":"","overlay-color":"","overlay-gradient":""},"mobile":{"background-color":"","background-image":"","background-repeat":"repeat","background-position":"center center","background-size":"auto","background-attachment":"scroll","background-type":"","background-media":"","overlay-type":"","overlay-color":"","overlay-gradient":""}},"ast-content-background-meta":{"desktop":{"background-color":"var(--ast-global-color-5)","background-image":"","background-repeat":"repeat","background-position":"center center","background-size":"auto","background-attachment":"scroll","background-type":"","background-media":"","overlay-type":"","overlay-color":"","overlay-gradient":""},"tablet":{"background-color":"var(--ast-global-color-5)","background-image":"","background-repeat":"repeat","background-position":"center center","background-size":"auto","background-attachment":"scroll","background-type":"","background-media":"","overlay-type":"","overlay-color":"","overlay-gradient":""},"mobile":{"background-color":"var(--ast-global-color-5)","background-image":"","background-repeat":"repeat","background-position":"center center","background-size":"auto","background-attachment":"scroll","background-type":"","background-media":"","overlay-type":"","overlay-color":"","overlay-gradient":""}},"footnotes":""},"class_list":["post-229","page","type-page","status-publish","hentry"],"uagb_featured_image_src":{"full":false,"thumbnail":false,"medium":false,"medium_large":false,"large":false,"1536x1536":false,"2048x2048":false},"uagb_author_info":{"display_name":"adminsites@uepa.br","author_link":"https:\/\/ccse.uepa.br\/dfcs\/jeds\/author\/adminsitesuepa-br\/"},"uagb_comment_info":0,"uagb_excerpt":"2014 Autoria: Jo\u00e3o Gabriel de Oliveira Batista e Anderson Fernandes Nunes 2015 Autoria: Thais Mendon\u00e7a 2016 Autoria: Hamanda Pontes Autoria: Larissa Alfaia 2017 Autoria: Matheus Henrique de Oliveira Autoria: Renato Concei\u00e7\u00e3o Autoria: Juliana Gomes 2018 Autoria: Vanessa Afonso Autoria: Ang\u00e9lica Ferreira Autoria: Adriano Serr\u00e3o Autoria: Lilian de Nazar\u00e9 2021 Autoria: Matheus Oliveira Autoria: Vanessa Alves&hellip;","_links":{"self":[{"href":"https:\/\/ccse.uepa.br\/dfcs\/jeds\/wp-json\/wp\/v2\/pages\/229","targetHints":{"allow":["GET"]}}],"collection":[{"href":"https:\/\/ccse.uepa.br\/dfcs\/jeds\/wp-json\/wp\/v2\/pages"}],"about":[{"href":"https:\/\/ccse.uepa.br\/dfcs\/jeds\/wp-json\/wp\/v2\/types\/page"}],"author":[{"embeddable":true,"href":"https:\/\/ccse.uepa.br\/dfcs\/jeds\/wp-json\/wp\/v2\/users\/1"}],"replies":[{"embeddable":true,"href":"https:\/\/ccse.uepa.br\/dfcs\/jeds\/wp-json\/wp\/v2\/comments?post=229"}],"version-history":[{"count":6,"href":"https:\/\/ccse.uepa.br\/dfcs\/jeds\/wp-json\/wp\/v2\/pages\/229\/revisions"}],"predecessor-version":[{"id":659,"href":"https:\/\/ccse.uepa.br\/dfcs\/jeds\/wp-json\/wp\/v2\/pages\/229\/revisions\/659"}],"wp:attachment":[{"href":"https:\/\/ccse.uepa.br\/dfcs\/jeds\/wp-json\/wp\/v2\/media?parent=229"}],"curies":[{"name":"wp","href":"https:\/\/api.w.org\/{rel}","templated":true}]}}